{"id":2639,"date":"2012-09-28T17:15:48","date_gmt":"2012-09-28T16:15:48","guid":{"rendered":"http:\/\/aipe.charial.free.fr\/?page_id=6"},"modified":"2019-11-01T18:41:19","modified_gmt":"2019-11-01T17:41:19","slug":"nos-actions-2007-2008","status":"publish","type":"page","link":"https:\/\/aipecharial.fr\/?page_id=2639","title":{"rendered":"Nos actions"},"content":{"rendered":"<ul>\n<li>Participation active aux conseils d&rsquo;\u00e9cole de maternelle et d&rsquo;\u00e9l\u00e9mentaire<\/li>\n<li>Organisation de la kermesse en maternelle<\/li>\n<li>Suivi des travaux dans les 2 \u00e9coles et de la s\u00e9curit\u00e9 aux abords du groupe scolaire<\/li>\n<li>Suivi du restaurant scolaire (prises de repas en salle, dialogue avec les personnels)<\/li>\n<li>Mise en place de solidarit\u00e9 entre parents en cas de gr\u00e8ve de cantine<\/li>\n<li>Suivi de la r\u00e9forme des rythmes scolaires<\/li>\n<li>Participation aux r\u00e9unions des Repr\u00e9sentants de Parents d\u2019\u00c9l\u00e8ves organis\u00e9es par la mairie<\/li>\n<li>Enrichissement du site WEB de l\u2019association<\/li>\n<\/ul>\n<p><em>Consultez les pages des sous-menus pour en savoir plus sur le suivi des travaux !<\/em><\/p>\n<ul>\n<li><a href=\"https:\/\/aipecharial.fr\/?page_id=3466\">Projet d&rsquo;am\u00e9nagement de la cour de l&rsquo;\u00e9cole \u00e9l\u00e9mentaire<\/a><\/li>\n<li><a href=\"https:\/\/aipecharial.fr\/?page_id=3509\">Inventaire et \u00e9tat des lieux des sanitaires de l&rsquo;\u00e9cole \u00e9l\u00e9mentaire<\/a><\/li>\n<\/ul>\n","protected":false},"excerpt":{"rendered":"<p>Participation active aux conseils d&rsquo;\u00e9cole de maternelle et d&rsquo;\u00e9l\u00e9mentaire Organisation de la kermesse en maternelle Suivi des travaux dans les 2 \u00e9coles et de la&#8230;<\/p>\n<div class=\"more-link-wrapper\"><a class=\"more-link\" href=\"https:\/\/aipecharial.fr\/?page_id=2639\">Suite<span class=\"screen-reader-text\">Nos actions<\/span><\/a><\/div>\n","protected":false},"author":9,"featured_media":0,"parent":0,"menu_order":0,"comment_status":"closed","ping_status":"open","template":"","meta":{"footnotes":""},"class_list":["post-2639","page","type-page","status-publish","hentry","entry"],"_links":{"self":[{"href":"https:\/\/aipecharial.fr\/index.php?rest_route=\/wp\/v2\/pages\/2639","targetHints":{"allow":["GET"]}}],"collection":[{"href":"https:\/\/aipecharial.fr\/index.php?rest_route=\/wp\/v2\/pages"}],"about":[{"href":"https:\/\/aipecharial.fr\/index.php?rest_route=\/wp\/v2\/types\/page"}],"author":[{"embeddable":true,"href":"https:\/\/aipecharial.fr\/index.php?rest_route=\/wp\/v2\/users\/9"}],"replies":[{"embeddable":true,"href":"https:\/\/aipecharial.fr\/index.php?rest_route=%2Fwp%2Fv2%2Fcomments&post=2639"}],"version-history":[{"count":4,"href":"https:\/\/aipecharial.fr\/index.php?rest_route=\/wp\/v2\/pages\/2639\/revisions"}],"predecessor-version":[{"id":3913,"href":"https:\/\/aipecharial.fr\/index.php?rest_route=\/wp\/v2\/pages\/2639\/revisions\/3913"}],"wp:attachment":[{"href":"https:\/\/aipecharial.fr\/index.php?rest_route=%2Fwp%2Fv2%2Fmedia&parent=2639"}],"curies":[{"name":"wp","href":"https:\/\/api.w.org\/{rel}","templated":true}]}}