{"id":40,"date":"2017-10-24T23:50:33","date_gmt":"2017-10-24T21:50:33","guid":{"rendered":"http:\/\/aipecharial.fr\/?page_id=40"},"modified":"2019-10-27T21:08:40","modified_gmt":"2019-10-27T20:08:40","slug":"les-ecoles","status":"publish","type":"page","link":"https:\/\/aipecharial.fr\/?page_id=40","title":{"rendered":"Les \u00e9coles"},"content":{"rendered":"<p><span style=\"font-size: 18px;\"><strong>Un peu d&rsquo;histoire&#8230;<\/strong><\/span><\/p>\n<p><img loading=\"lazy\" decoding=\"async\" class=\"alignnone size-medium wp-image-2669\" src=\"https:\/\/aipecharial.fr\/wp-content\/uploads\/2017\/10\/AncienneEcole-300x168.png\" alt=\"\" width=\"300\" height=\"168\" srcset=\"https:\/\/aipecharial.fr\/wp-content\/uploads\/2017\/10\/AncienneEcole-300x168.png 300w, https:\/\/aipecharial.fr\/wp-content\/uploads\/2017\/10\/AncienneEcole.png 501w\" sizes=\"auto, (max-width: 300px) 100vw, 300px\" \/> \u00a0\u00a0 <img loading=\"lazy\" decoding=\"async\" class=\"size-medium wp-image-488\" src=\"https:\/\/aipecharial.fr\/wp-content\/uploads\/2009\/12\/ecole-1-300x168.jpg\" alt=\"\" width=\"300\" height=\"168\" srcset=\"https:\/\/aipecharial.fr\/wp-content\/uploads\/2009\/12\/ecole-1-300x168.jpg 300w, https:\/\/aipecharial.fr\/wp-content\/uploads\/2009\/12\/ecole-1.jpg 497w\" sizes=\"auto, (max-width: 300px) 100vw, 300px\" \/><\/p>\n<p><strong>L<\/strong>e quartier de la Villette a bien chang\u00e9 depuis un si\u00e8cle. Forges, fonderies, scieries, mouliniers, ruisseurs, tisseurs, cordiers et teinturiers ont aujourd\u2019hui disparu.<\/p>\n<p><strong>L<\/strong>e march\u00e9 de la rue Gabillot existait d\u00e9j\u00e0 : c\u2019est l\u2019un des plus anciens de Lyon. Les mara\u00eechers arrivaient t\u00f4t le matin, en charrette \u00e0 bras ou tir\u00e9e par un \u00e2ne.<\/p>\n<p><strong>L<\/strong>es terrains au nord de l\u2019\u00e9cole actuelle \u00e9taient bord\u00e9s par le ruisseau de la Rize. Aujourd\u2019hui d\u00e9vi\u00e9, ce petit cours d\u2019eau serpentait \u00e0 l\u2019\u00e9poque entre Vaulx-en-Velin, Villeurbanne et Lyon.<\/p>\n<p><strong>A<\/strong>u milieu du 19\u00e8me si\u00e8cle est ouvert le chemin de la Fabrique de Bleu, du nom de ce produit que les blanchisseuses ajoutaient \u00e0 l\u2019eau de rin\u00e7age pour blanchir le linge. Vers 1880, il prend le nom de rue de l\u2019Ordre et en 1966, la rue et le groupe scolaire seront rebaptis\u00e9s en hommage \u00e0 Antoine Charial, adjoint au maire de Lyon, administrateurs des Hospices civils, et fondateur de l\u2019\u00ab Avenir \u00bb, coop\u00e9rative ouvri\u00e8re de construction dont il avait install\u00e9 le si\u00e8ge dans cette rue.<\/p>\n<p><strong>L<\/strong>a d\u00e9cision de construire l\u2019\u00e9cole remonte \u00e0 1878, sur une parcelle c\u00e9d\u00e9e \u00e0 la mairie par un certain Monsieur Gabillot, pour 6 Francs le m2. Les travaux ont \u00e9t\u00e9 achev\u00e9s le 28 novembre 1885. Le nombre d\u2019enfants \u00e9tait d\u00e9j\u00e0 cons\u00e9quent : 200 \u00e9l\u00e8ves pour l\u2019\u00e9cole de filles, 250 pour l\u2019\u00e9cole de gar\u00e7ons et 150 pour l\u2019\u00e9cole maternelle, qu\u2019on appelait \u00e0 l\u2019\u00e9poque \u00ab l\u2019Asile \u00bb.<\/p>\n<p>Plus d&rsquo;informations sur le quartier sur la page du conseil de quartier : <a href=\"https:\/\/conseildequartiervillettepaulbert.wordpress.com\/\">https:\/\/conseildequartiervillettepaulbert.wordpress.com\/<\/a><\/p>\n","protected":false},"excerpt":{"rendered":"<p>Un peu d&rsquo;histoire&#8230; \u00a0\u00a0 Le quartier de la Villette a bien chang\u00e9 depuis un si\u00e8cle. Forges, fonderies, scieries, mouliniers, ruisseurs, tisseurs, cordiers et teinturiers ont&#8230;<\/p>\n<div class=\"more-link-wrapper\"><a class=\"more-link\" href=\"https:\/\/aipecharial.fr\/?page_id=40\">Suite<span class=\"screen-reader-text\">Les \u00e9coles<\/span><\/a><\/div>\n","protected":false},"author":9,"featured_media":0,"parent":0,"menu_order":0,"comment_status":"closed","ping_status":"closed","template":"","meta":{"footnotes":""},"class_list":["post-40","page","type-page","status-publish","hentry","entry"],"_links":{"self":[{"href":"https:\/\/aipecharial.fr\/index.php?rest_route=\/wp\/v2\/pages\/40","targetHints":{"allow":["GET"]}}],"collection":[{"href":"https:\/\/aipecharial.fr\/index.php?rest_route=\/wp\/v2\/pages"}],"about":[{"href":"https:\/\/aipecharial.fr\/index.php?rest_route=\/wp\/v2\/types\/page"}],"author":[{"embeddable":true,"href":"https:\/\/aipecharial.fr\/index.php?rest_route=\/wp\/v2\/users\/9"}],"replies":[{"embeddable":true,"href":"https:\/\/aipecharial.fr\/index.php?rest_route=%2Fwp%2Fv2%2Fcomments&post=40"}],"version-history":[{"count":6,"href":"https:\/\/aipecharial.fr\/index.php?rest_route=\/wp\/v2\/pages\/40\/revisions"}],"predecessor-version":[{"id":3883,"href":"https:\/\/aipecharial.fr\/index.php?rest_route=\/wp\/v2\/pages\/40\/revisions\/3883"}],"wp:attachment":[{"href":"https:\/\/aipecharial.fr\/index.php?rest_route=%2Fwp%2Fv2%2Fmedia&parent=40"}],"curies":[{"name":"wp","href":"https:\/\/api.w.org\/{rel}","templated":true}]}}

Les écoles

<p><span style="font-size: 18px;"><strong>Un peu d&rsquo;histoire&#8230;</strong></span></p>
<p><img loading="lazy" decoding="async" class="alignnone size-medium wp-image-2669" src="https://aipecharial.fr/wp-content/uploads/2017/10/AncienneEcole-300x168.png" alt="" width="300" height="168" srcset="https://aipecharial.fr/wp-content/uploads/2017/10/AncienneEcole-300x168.png 300w, https://aipecharial.fr/wp-content/uploads/2017/10/AncienneEcole.png 501w" sizes="auto, (max-width: 300px) 100vw, 300px" />    <img loading="lazy" decoding="async" class="size-medium wp-image-488" src="https://aipecharial.fr/wp-content/uploads/2009/12/ecole-1-300x168.jpg" alt="" width="300" height="168" srcset="https://aipecharial.fr/wp-content/uploads/2009/12/ecole-1-300x168.jpg 300w, https://aipecharial.fr/wp-content/uploads/2009/12/ecole-1.jpg 497w" sizes="auto, (max-width: 300px) 100vw, 300px" /></p>
<p><strong>L</strong>e quartier de la Villette a bien changé depuis un siècle. Forges, fonderies, scieries, mouliniers, ruisseurs, tisseurs, cordiers et teinturiers ont aujourd’hui disparu.</p>
<p><strong>L</strong>e marché de la rue Gabillot existait déjà : c’est l’un des plus anciens de Lyon. Les maraîchers arrivaient tôt le matin, en charrette à bras ou tirée par un âne.</p>
<p><strong>L</strong>es terrains au nord de l’école actuelle étaient bordés par le ruisseau de la Rize. Aujourd’hui dévié, ce petit cours d’eau serpentait à l’époque entre Vaulx-en-Velin, Villeurbanne et Lyon.</p>
<p><strong>A</strong>u milieu du 19ème siècle est ouvert le chemin de la Fabrique de Bleu, du nom de ce produit que les blanchisseuses ajoutaient à l’eau de rinçage pour blanchir le linge. Vers 1880, il prend le nom de rue de l’Ordre et en 1966, la rue et le groupe scolaire seront rebaptisés en hommage à Antoine Charial, adjoint au maire de Lyon, administrateurs des Hospices civils, et fondateur de l’« Avenir », coopérative ouvrière de construction dont il avait installé le siège dans cette rue.</p>
<p><strong>L</strong>a décision de construire l’école remonte à 1878, sur une parcelle cédée à la mairie par un certain Monsieur Gabillot, pour 6 Francs le m2. Les travaux ont été achevés le 28 novembre 1885. Le nombre d’enfants était déjà conséquent : 200 élèves pour l’école de filles, 250 pour l’école de garçons et 150 pour l’école maternelle, qu’on appelait à l’époque « l’Asile ».</p>
<p>Plus d&rsquo;informations sur le quartier sur la page du conseil de quartier : <a href="https://conseildequartiervillettepaulbert.wordpress.com/">https://conseildequartiervillettepaulbert.wordpress.com/</a></p>

<p>Un peu d&rsquo;histoire&#8230;    Le quartier de la Villette a bien changé depuis un siècle. Forges, fonderies, scieries, mouliniers, ruisseurs, tisseurs, cordiers et teinturiers ont&#8230;</p>
<div class="more-link-wrapper"><a class="more-link" href="https://aipecharial.fr/?page_id=40">Suite<span class="screen-reader-text">Les écoles</span></a></div>
